{"id":959,"date":"2024-09-06T11:08:16","date_gmt":"2024-09-06T11:08:16","guid":{"rendered":"https:\/\/mayoreosdelcentro.com\/?post_type=product&#038;p=959"},"modified":"2024-09-06T11:09:07","modified_gmt":"2024-09-06T11:09:07","slug":"playera-basica-algodon","status":"publish","type":"product","link":"https:\/\/mayoreosdelcentro.com\/?product=playera-basica-algodon","title":{"rendered":"Playera b\u00e1sica algod\u00f3n"},"content":{"rendered":"<p>Composici\u00f3n: 100% algod\u00f3n<\/p>\n<p>Instrucciones de cuidado: Lavar a mano o en maquina con agua fr\u00eda, no blanquear, no lavar en seco, secar al natural.<\/p>\n","protected":false},"excerpt":{"rendered":"<p>Playera b\u00e1sica 100% algod\u00f3n unisex<\/p>\n","protected":false},"featured_media":0,"template":"","meta":{"_monsterinsights_skip_tracking":false,"_monsterinsights_sitenote_active":false,"_monsterinsights_sitenote_note":"","_monsterinsights_sitenote_category":0},"product_brand":[],"product_cat":[90,25,44],"product_tag":[93,19,94,95],"class_list":{"0":"post-959","1":"product","2":"type-product","3":"status-publish","5":"product_cat-dasein","6":"product_cat-hombre","7":"product_cat-mujer","8":"product_tag-dasein","9":"product_tag-playera","10":"product_tag-streetwear","11":"product_tag-unisex","13":"first","14":"instock","15":"taxable","16":"shipping-taxable","17":"product-type-variable"},"jetpack_sharing_enabled":true,"_links":{"self":[{"href":"https:\/\/mayoreosdelcentro.com\/index.php?rest_route=\/wp\/v2\/product\/959","targetHints":{"allow":["GET"]}}],"collection":[{"href":"https:\/\/mayoreosdelcentro.com\/index.php?rest_route=\/wp\/v2\/product"}],"about":[{"href":"https:\/\/mayoreosdelcentro.com\/index.php?rest_route=\/wp\/v2\/types\/product"}],"wp:attachment":[{"href":"https:\/\/mayoreosdelcentro.com\/index.php?rest_route=%2Fwp%2Fv2%2Fmedia&parent=959"}],"wp:term":[{"taxonomy":"product_brand","embeddable":true,"href":"https:\/\/mayoreosdelcentro.com\/index.php?rest_route=%2Fwp%2Fv2%2Fproduct_brand&post=959"},{"taxonomy":"product_cat","embeddable":true,"href":"https:\/\/mayoreosdelcentro.com\/index.php?rest_route=%2Fwp%2Fv2%2Fproduct_cat&post=959"},{"taxonomy":"product_tag","embeddable":true,"href":"https:\/\/mayoreosdelcentro.com\/index.php?rest_route=%2Fwp%2Fv2%2Fproduct_tag&post=959"}],"curies":[{"name":"wp","href":"https:\/\/api.w.org\/{rel}","templated":true}]}}