{"id":3,"date":"2024-03-21T14:30:30","date_gmt":"2024-03-21T14:30:30","guid":{"rendered":"http:\/\/mayoreosdelcentro.com\/?page_id=3"},"modified":"2025-10-23T00:08:25","modified_gmt":"2025-10-23T00:08:25","slug":"politica-privacidad","status":"publish","type":"page","link":"https:\/\/mayoreosdelcentro.com\/?page_id=3","title":{"rendered":"Aviso de privacidad"},"content":{"rendered":"\n<p><br>En\u00a0<strong>Distribuidora ADCO del Centro,<\/strong>\u00a0se respeta el derecho a la\u00a0privacidad\u00a0y protecci\u00f3n de sus datos personales, los cuales est\u00e1n tutelados por la Ley Federal de Protecci\u00f3n de Datos Personales en Posesi\u00f3n de Particulares, en lo sucesivo la \u201cLey\u201d. La base de datos en la cual se contiene su informaci\u00f3n es propiedad Distribuidora ADCO del Centro\u00a0 S.A. de C.V., con domicilio en Calle Cascada, CP 36660, Irapuato, Guanajuato\u00a0y se encuentra debidamente registrada\/resguardada conforme la ley aplicable.<\/p>\n\n\n\n<p>Esta informaci\u00f3n puede ser utilizada por Distribuidora ADCO del Centro\u00a0S.A. de C.V., para fines l\u00edcitos relacionados con las actividades comerciales de nuestra empresa.<\/p>\n\n\n\n<p>Si desea conocer los datos inherentes a su persona y que puedan obrar en nuestra base de datos, actualizarlos o rectificarlos, o ejercer el derecho de retiro total o parcial de su informaci\u00f3n conforme a la Ley y sin menoscabo de lo que otras disposiciones legales establezcan, favor de hac\u00e9rnoslo saber a trav\u00e9s de alguna de las siguientes opciones:<\/p>\n\n\n\n<p>1.\u00a0\u00a0\u00a0\u00a0\u00a0\u00a0Correo electr\u00f3nico a la direcci\u00f3n: ventas@mayoreosdelcentro.com<\/p>\n\n\n\n<p>Al realizar su solicitud, le pedimos que indique su nombre y domicilio completo. Sus datos personales e historial como cliente quedar\u00e1n registrados en nuestra base de datos, as\u00ed como alguna otra informaci\u00f3n personal relativa a productos o servicios que le hayamos proporcionado. Esta informaci\u00f3n puede ser usada por Distribuidora ADCO del Centro\u00a0S.A. de C.V.\u00a0para ofrecerle nuestros productos o servicios en forma f\u00edsica, electr\u00f3nica o a trav\u00e9s de Internet y\/o telef\u00f3nicamente.<\/p>\n\n\n\n<p>Distribuidora ADCO del Centro S.A. de C.V.\u00a0se reserva el derecho de efectuar en cualquier momento modificaciones o actualizaciones al presente aviso de\u00a0privacidad, derivado de novedades legislativas, pol\u00edticas internas o nuevos requerimientos para la prestaci\u00f3n u ofrecimiento de nuestros productos o servicios. Cualquier cambio o modificaci\u00f3n a este aviso ser\u00e1 notificado. <\/p>\n\n\n\n<p><\/p>\n\n\n\n<p><\/p>\n","protected":false},"excerpt":{"rendered":"<p>En\u00a0Distribuidora ADCO del Centro,\u00a0se respeta el derecho a la\u00a0privacidad\u00a0y protecci\u00f3n de sus datos personales, los cuales est\u00e1n tutelados por la Ley Federal de Protecci\u00f3n de Datos Personales en Posesi\u00f3n de Particulares, en lo sucesivo la \u201cLey\u201d. La base de datos en la cual se contiene su informaci\u00f3n es propiedad Distribuidora ADCO del Centro\u00a0 S.A. de [&hellip;]<\/p>\n","protected":false},"author":1,"featured_media":0,"parent":0,"menu_order":0,"comment_status":"closed","ping_status":"open","template":"","meta":{"_monsterinsights_skip_tracking":false,"_monsterinsights_sitenote_active":false,"_monsterinsights_sitenote_note":"","_monsterinsights_sitenote_category":0,"footnotes":""},"class_list":["post-3","page","type-page","status-publish","hentry"],"jetpack_sharing_enabled":true,"_links":{"self":[{"href":"https:\/\/mayoreosdelcentro.com\/index.php?rest_route=\/wp\/v2\/pages\/3","targetHints":{"allow":["GET"]}}],"collection":[{"href":"https:\/\/mayoreosdelcentro.com\/index.php?rest_route=\/wp\/v2\/pages"}],"about":[{"href":"https:\/\/mayoreosdelcentro.com\/index.php?rest_route=\/wp\/v2\/types\/page"}],"author":[{"embeddable":true,"href":"https:\/\/mayoreosdelcentro.com\/index.php?rest_route=\/wp\/v2\/users\/1"}],"replies":[{"embeddable":true,"href":"https:\/\/mayoreosdelcentro.com\/index.php?rest_route=%2Fwp%2Fv2%2Fcomments&post=3"}],"version-history":[{"count":1,"href":"https:\/\/mayoreosdelcentro.com\/index.php?rest_route=\/wp\/v2\/pages\/3\/revisions"}],"predecessor-version":[{"id":2357,"href":"https:\/\/mayoreosdelcentro.com\/index.php?rest_route=\/wp\/v2\/pages\/3\/revisions\/2357"}],"wp:attachment":[{"href":"https:\/\/mayoreosdelcentro.com\/index.php?rest_route=%2Fwp%2Fv2%2Fmedia&parent=3"}],"curies":[{"name":"wp","href":"https:\/\/api.w.org\/{rel}","templated":true}]}}